) be the third derivative of d(h). Give j(-4).
-13
Suppose -b = 2*i - 13, -5*b + 4*b + 5*i - 22 = 0. Let q be 4 - 4 - 1 - b. Let n(z) = z**2 + 6*z + 5. Give n(q).
-3
Let t(o) be the third derivative of -o**6/120 + o**4/24 - 7*o**3/2 + 48*o**2 + 7*o - 2. Let d(u) = -u**2 - 5*u - 4. Let w be d(-4). What is t(w)?
-21
Let l(n) = n**3 - 3*n**2 - 5*n + 10. Let k be l(5). Let i = k + -38. Let q(o) be the third derivative of -o**5/60 - o**4/24 - o**3/2 + o**2. Give q(i).
-9
Suppose 3*y = 4*y - 897. Let z(b) = y + b - 908 + b. What is z(8)?
5
Let y(c) = c**2 + 7*c - 2 + 1 - 6*c + 4. Let v be -22 - -19 - (-6)/1. Calculate y(v).
15
Let b(r) = 4*r + 9. Let z(u) = 4*u + 8. Let k(w) = -2*b(w) + 3*z(w). Suppose -j - j = -4*x + 8, -x - 4*j = 7. Let v be ((-36)/90)/(x/10). Calculate k(v).
-10
Let y = -6 - -11. Let w(k) = y*k**2 + 77*k - 79*k - k**3 + 4 + 2*k**3. Determine w(-6).
-20
Let d be -2*2/(-4)*0. Let q(a) = d*a - 7 + 0*a + 5*a**2 + a**3. Let k(o) = -o**2 - 19*o + 61. Let x be k(3). Calculate q(x).
-7
Let u(a) = -8*a + 5. Let g(t) = t - 1. Let i(o) = -5*g(o) - u(o). Suppose 0 = -99*c + 286 + 209. Give i(c).
15
Let h(z) = -z**2 - 3*z - 2. Let l(o) = o**3 - 2*o. Let g be l(2). Give h(g).
-30
Suppose 0 = -3*y - 0*y + 3. Let x = 0 - -1. Let f(c) = c + 1. Let a(i) = -2*i + 5. Let o(r) = x*a(r) - 5*f(r). Determine o(y).
-7
Let y(x) = 19*x**2 + 3*x + 21. Let b(t) = 7*t**2 + t + 7. Let h(g) = 8*b(g) - 3*y(g). What is h(-5)?
-27
Let t(b) = -3*b**3 + 2*b**2 - 1. Let w = -114 - -114. Let u be (4/5)/((-1)/5). Let d be (-2)/(-2) - w/u. What is t(d)?
-2
Let r(t) be the first derivative of t**6/120 + t**5/20 + t**4/24 - t**3/3 - t**2 - 42. Let z(j) be the second derivative of r(j). What is z(-3)?
-5
Let d(b) = 5*b**3 + b**2 - 20. Let r(q) = 38*q**3 + 7 - q - 40*q**3 + q. Let l(y) = -3*d(y) - 8*r(y). Determine l(3).
4
Let a(r) be the third derivative of 0*r - 54*r**2 + 0 + 1/24*r**4 + 1/3*r**3. Determine a(7).
9
Let z(q) = -2*q. Let y(h) be the third derivative of 7*h**4/24 - h**3/3 - 14*h**2. Let o(d) = 2*y(d) + 6*z(d). Give o(-7).
-18
Let y(x) = -4*x**2 - x**3 + 2 + 2*x**3 + 14 + 11*x**2 - 3 - 3*x. Calculate y(-6).
67
Let u(k) = 4*k + 8. Suppose 7 - 19 = g + 2*t, 0 = -5*g - 2*t - 36. Determine u(g).
-16
Let u(f) be the second derivative of -f**3/3 - 2*f**2 + 29*f. Let i(b) = b**2 - 10*b + 3. Let a be i(9). Determine u(a).
8
Let y(h) = 72*h**2 - 60*h - 55. Let a(b) = 13*b**2 - 12*b - 11. Let c(f) = -11*a(f) + 2*y(f). Calculate c(-9).
-16
Let m(c) = -3*c**3 - 2*c**2 + c - 4. Let v(o) = -4*o + 3*o + 11 - 2*o + 7*o**2 + o**3 + 9*o**3. Let p(z) = -7*m(z) - 2*v(z). Determine p(0).
6
Let r(q) = q**3 - 4*q**2 - 6*q + 4. Let f be r(5). Let o(d) be the third derivative of 0*d - 3*d**2 + 3/8*d**4 + 1/6*d**3 + 0. Determine o(f).
-8
Let m(u) be the first derivative of 5/3*u**3 + 1/4*u**4 + 4*u + 7 + 2*u**2. Give m(-4).
4
Let z be 3/(-12) + (-72)/(-32). Let n(v) = 12*v**2 - 13*v + 12. Let j(k) = k**2 - k + 1. Let y(w) = 22*j(w) - 2*n(w). What is y(z)?
-2
Suppose -2*l - o - 9 = 0, 0*l = 3*l - 5*o + 7. Let z(y) = 2*y - 1. Let h(c) = 11*c. Let i(s) = -h(s) + 4*z(s). Determine i(l).
8
Let m(z) = -z + 2. Suppose h - n - 43 = 0, -2*h + 3*n + n = -88. Let o = h - 37. What is m(o)?
-3
Let y(j) be the second derivative of -2*j**4 - j**2/2 + 300*j - 2. Determine y(1).
-25
Let m(d) be the second derivative of d**3/2 - 39*d. Suppose -1 - 2 = -3*a. Suppose s + 0 - a = 0. Give m(s).
3
Let m be ((-4)/(-3))/((-4)/6). Let u be -2*(-3 - (-6)/4). Let w(h) = 0*h**2 - 3*h**u - h + 2 - 3*h**2 + 2*h. Calculate w(m).
12
Let b be 12/42 - (-32)/(-14). Let h(q) be the first derivative of q**2 + q + 17. Determine h(b).
-3
Let d(q) = 30*q - 6 + 3 - q**2 - 16*q - 23*q + 4. Calculate d(-8).
9
Let u(o) = -13*o**2 + 5*o + 2. Let j(v) be the second derivative of -1/2*v**3 - 1/2*v**2 + 1/2*v**4 - 5*v + 0. Let l(n) = 5*j(n) + 3*u(n). What is l(1)?
-8
Let a be (-4 + 3)/(1/(-2)). Suppose -5*u - 5*z + a = -3, -12 = 3*u - 2*z. Let h(c) = -3*c**2 + 11421 - 11421. Determine h(u).
-12
Let b(u) = 3 + 12*u + 20*u - 34*u - 6. Let p be ((-8)/(-10))/(2/15). Let k be 63/(-27) - 4/p. What is b(k)?
3
Let w(z) = 18*z + 3. Let d be (-8)/3 + ((-22)/3 - -8). What is w(d)?
-33
Let h(b) = -b**3 + 3*b**2 - 3*b + 3. Suppose 26*j - 237 = -159. Give h(j).
-6
Let n(p) = -19*p**3 - 3*p**2 - 3*p - 1. Let z be n(-1). Let r = z - 21. Let y(q) = q**3 + 2*q**2 - 4*q - 2. Calculate y(r).
1
Let d(p) = -5*p - 3 + 5 + 3*p + 3*p. Let a be (3/(-30))/(6/96)*5. Give d(a).
-6
Suppose -3 = -3*w - 12. Let m(y) be the second derivative of y**3/6 + y**2/2 + y. Determine m(w).
-2
Let c = -1521 + 1521. Let d(w) = 2*w**2 + 2*w - 17. Let b(t) = -t**2 - t + 9. Let p(z) = 5*b(z) + 3*d(z). Give p(c).
-6
Let d be (-11)/4*(11 + -15). Let y = 14 - d. Let c(v) = 2*v - 5*v + 0 + v**2 + 2. Determine c(y).
2
Let f(g) = 4*g**3 - 2*g**2 + 12*g + 7. Let j(u) = -u**3 - u**2 - u - 2. Let x(k) = f(k) + 5*j(k). Give x(-8).
5
Let g(u) = -3*u**3 - 11*u**2 + 31*u + 10. Let a(h) = 10*h**3 + 33*h**2 - 101*h - 31. Let j(f) = -4*a(f) - 13*g(f). Give j(11).
5
Let t be (-29 - -38)*1/3. Let p(b) = -10*b**2 + 4 + b**t + 10*b + 10 - 1 - 19. Determine p(9).
3
Suppose 3*b + 2 = -10. Let x(r) be the third derivative of -r**4/24 - 5*r**3/6 - 568*r**2. Give x(b).
-1
Let z(u) = u**2 - 4*u - 7. Suppose -g = q + 1, 0 = -3*g - 3*q + 8*q - 27. Let l be (2/g)/(7/(-98)). Give z(l).
14
Let t(p) = p**3 - p**2 + p. Suppose -3*a = -2*a - 5. Let u(c) = -c**3 + 2*c. Let r be u(-2). Suppose 0 = -0*k - 4*k - r*q + 4, 4*q + 14 = a*k. What is t(k)?
6
Suppose 0*v - 4 = 2*v - 3*w, 4*w = -4*v - 28. Let f(i) = -8*i + 15. Let p(u) = 3*u - 5. Let m(q) = -4*f(q) - 11*p(q). What is m(v)?
0
Let l(a) = -a**3 + a**2 + a. Let g = 45 + -43. Give l(g).
-2
Let o = -50 + 76. Let w = o + -24. Let g(k) = 2*k + 1. What is g(w)?
5
Suppose -19*p = -111 - 60. Let i(x) = x**2 - 9*x + 1. Give i(p).
1
Let m(r) = -17*r + 39. Let l(v) = 17*v - 48. Let x(k) = -5*l(k) - 6*m(k). What is x(-3)?
-45
Let o(z) be the first derivative of -z**5/20 - z**4/12 + z**3/3 - z**2 - 16*z + 15. Let a(c) be the first derivative of o(c). What is a(2)?
-10
Let t(j) = j**3 + 10*j**2 + 14*j - 18. Suppose 2*w - 3*v + 19 = 0, 0 = 5*w + 3*v - 4*v + 41. Give t(w).
-2
Let g(c) = -c**2 + 5*c - 2. Let y(l) = -4*l**2 + 17*l - 9. Let p(j) = 7*g(j) - 2*y(j). What is p(-4)?
16
Let g(f) = -f**3 + 19*f**2 + 18*f + 48. Let z be g(20). Let q(u) = u**2 - 7*u - 2. What is q(z)?
6
Suppose 215 = 23*c + 20*c. Let w(y) be the third derivative of -1/6*y**3 + 0*y - 1/24*y**4 + 0 + 6*y**2 + 1/20*y**c. Calculate w(-1).
3
Let k = 5 + -7. Let j = -8 + 16. Let z = j + k. Let d(n) = n**2 - 8*n + 5. Calculate d(z).
-7
Let g(l) = 2*l - 2 - 3*l - 7 + 28. Give g(-7).
26
Let y(p) = 7 - 5*p - 2*p + p + p**2. Let o(l) = -2*l**2 + 13*l - 4. Let g be o(6). Suppose -k + 12 = -3*v, 2*k - 14 = g*v - v. Determine y(k).
7
Let r(a) = 7*a - 4. Let d(j) = 4*j**2 + 24*j - 25. Let g be d(1). Determine r(g).
17
Let b(k) = -3*k + 20. Suppose 93*z - 3 = 96*z, 3*s = -z + 26. Give b(s).
-7
Let q(o) = -o - 2. Suppose -5 = -2*m - 0*x + x, -4*x + 12 = 0. Let f(j) = -j**3 + 4 - 3 + j + 4*j**2 - 2*j. Let w be f(m). Give q(w).
1
Let g(a) = 4*a + 23. Let m(v) = -12*v - 69. Let f(t) = -17*g(t) - 6*m(t). Let w be f(-5). Let s(c) = c**3 - 3*c**2 - 4*c + 3. Determine s(w).
-9
Suppose 4*z + 8 = o, 0*o + 5*o + 4*z = 40. Let q(l) = -7*l**2 + 3*l - 1 + 0 + 4*l + o*l**2. Let p = -14 + 8. Determine q(p).
-7
Let g = -9 - -14. Let q(k) = -7*k - 4*k - 5 + 3 + 12*k. Determine q(g).
3
Suppose 0 = 3*l + 4*k - 60, 0 = 2*l - 6*l + 5*k + 49. Let w(p) = -p + 11. Calculate w(l).
-5
Let q(n) = -12*n + 4*n**3 + 4*n**3 - 414 + 424 - 7*n**3 - 9*n**2. Determine q(10).
-10
Let m = 1 - -2. Let z(j) = -235*j + 237*j - 9*j**3 - j**2 - 3*j**2 + 2. Let a(h) = -26*h**3 - 11*h**2 + 5*h + 5. Let i(x) = m*a(x) - 8*z(x). Determine i(-1).
5
Let v(o) = 2*o - 2. Let b be (17 + -14)*(-2)/(-3). Calculate v(b).
2
Suppose 0 = 3*d - 4*d + 14. Let r be d + 3*5/(-3). Let n(z) = 2*z - 13. Determine n(r).
5
Suppose -3*p - 3 = 3*g, -4*g + 2*p + 8 = -6. Suppose g*i - 5*i = 3*i. Let j(u) = -u**2 + u + 11. What is j(i)?
11
Let f = -813 - -810. Let l(v) = 9*v - 1. What is l(f)?
-28
Suppose -19 - 23 = -4*p + 3*a, 50 = 5*p - 5*a. Suppose 6*n - 12 - p = 0. Let y(h) = -h**2